t common factor of 93 and 268336?
31
Calculate the greatest common factor of 480 and 34920.
120
What is the greatest common factor of 1351890 and 12?
6
Calculate the highest common divisor of 252428 and 55.
11
Calculate the highest common divisor of 5068 and 234576.
724
Calculate the highest common factor of 260 and 36686.
26
What is the highest common factor of 133549 and 13?
13
Calculate the greatest common factor of 102920 and 13695.
415
What is the highest common divisor of 168 and 214998?
42
What is the highest common divisor of 1752047 and 11?
11
Calculate the greatest common divisor of 2416 and 2309092.
604
What is the greatest common factor of 3420 and 35796?
228
What is the greatest common factor of 148 and 110926?
74
Calculate the greatest common factor of 396 and 121572.
396
Calculate the greatest common divisor of 332 and 17596.
332
What is the greatest common factor of 197142 and 7018?
638
Calculate the highest common divisor of 317786 and 14.
14
Calculate the greatest common divisor of 156 and 3168.
12
Calculate the highest common factor of 47396 and 6596.
68
What is the highest common divisor of 61230 and 1950?
390
What is the highest common divisor of 32 and 11181648?
16
Calculate the highest common divisor of 24200 and 3400.
200
What is the greatest common divisor of 720 and 18329040?
720
What is the highest common factor of 9 and 458181?
9
Calculate the highest common factor of 16 and 1641432.
8
Calculate the greatest common divisor of 69946 and 6.
2
What is the highest common divisor of 22300 and 25?
25
What is the highest common factor of 8 and 101624?
8
What is the greatest common divisor of 23 and 197?
1
What is the highest common divisor of 158724 and 108?
36
What is the highest common factor of 157138 and 2?
2
What is the greatest common divisor of 10389249 and 351?
351
What is the greatest common divisor of 56 and 92806?
14
What is the highest common factor of 449316 and 504?
252
Calculate the highest common factor of 216610 and 80.
10
What is the greatest common divisor of 5694 and 24090?
438
Calculate the highest common factor of 201728 and 304.
16
Calculate the greatest common factor of 258 and 187222.
86
Calculate the highest common factor of 191890 and 8370.
310
What is the greatest common divisor of 56 and 25712?
8
Calculate the highest common factor of 1882 and 2.
2
Calculate the greatest common divisor of 200 and 97400.
200
Calculate the greatest common factor of 36 and 26523.
9
What is the highest common divisor of 16017 and 285?
57
Calculate the greatest common divisor of 560664 and 1170.
234
Calculate the highest common divisor of 27820 and 80678.
2782
What is the highest common divisor of 128 and 223552?
64
Calculate the greatest common factor of 24925 and 450.
25
Calculate the greatest common factor of 13756 and 817.
19
Calculate the highest common divisor of 1995 and 8512.
133
What is the greatest common divisor of 34169 and 141?
47
What is the highest common divisor of 4674 and 11864949?
2337
Calculate the highest common divisor of 79920 and 20.
20
Calculate the greatest common divisor of 1238300 and 20.
20
What is the highest common factor of 114824 and 12152?
248
What is the highest common divisor of 124196 and 36356?
244
Calculate the highest common factor of 22144 and 48.
16
What is the highest common factor of 258 and 17931?
129
What is the greatest common factor of 28 and 6958?
14
Calculate the greatest common divisor of 4604289 and 57.
57
What is the highest common divisor of 8675 and 200?
25
What is the highest common divisor of 11 and 110077?
11
What is the greatest common factor of 7486 and 17366?
38
Calculate the highest common divisor of 17024 and 215726.
266
Calculate the greatest common divisor of 448 and 30548.
28
What is the greatest common factor of 374 and 1133572?
22
What is the greatest common factor of 212 and 524?
4
What is the highest common factor of 360 and 10935?
45
Calculate the highest common factor of 188944 and 1372.
196
What is the greatest common divisor of 9 and 1657305?
9
What is the highest common divisor of 100 and 91740?
20
What is the greatest common divisor of 159397 and 63?
7
What is the greatest common divisor of 32450 and 59?
59
Calculate the highest common factor of 5890 and 17980.
310
Calculate the greatest common factor of 264 and 416460.
132
What is the greatest common factor of 3348 and 20952?
108
What is the greatest common divisor of 754 and 4368?
26
Calculate the greatest common divisor of 16335 and 49995.
495
What is the greatest common factor of 6252 and 3115059?
1563
Calculate the highest common factor of 666 and 11796.
6
What is the greatest common factor of 41654 and 2006?
118
What is the greatest common divisor of 569 and 29?
1
What is the highest common divisor of 920 and 7490?
10
Calculate the greatest common factor of 589 and 6631.
19
What is the highest common factor of 51 and 35326?
17
Calculate the highest common divisor of 233 and 401459.
233
Calculate the highest common divisor of 1456 and 38844.
52
What is the highest common divisor of 8293 and 36?
1
What is the highest common divisor of 43920 and 1008?
144
What is the greatest common divisor of 2172700 and 40?
20
What is the greatest common factor of 13 and 1995877?
13
What is the highest common factor of 264 and 54516?
132
Calculate the greatest common factor of 266 and 1162.
14
Calculate the highest common factor of 3607 and 3.
1
Calculate the greatest common factor of 45440 and 22320.
80
Calculate the highest common divisor of 8239 and 980.
7
What is the greatest common divisor of 1085 and 1304387?
217
What is the highest common divisor of 2496 and 351?
39
What is the greatest common divisor of 925 and 850075?
925
Calculate the highest common divisor of 3519 and 15096.
51
What is the highest common factor of 13277358 and 162?
162
What is the greatest common factor of 30260 and 1360?
340
Calculate the highest common factor of 17867 and 578.
17
Calculate the highest common factor of 741636 and 132.
12
Calculate the greatest common divisor of 2227 and 2489.
131
Calculate the greatest common factor of 83952 and 22.
22
Calculate the highest common divisor of 662 and 1311422.
662
What is the greatest common factor of 84334 and 2384?
298
What is the highest common divisor of 6171 and 4301?
187
What is the highest common factor of 5136 and 80?
16
Calculate the greatest common divisor of 1916 and 3414791.
479
Calculate the greatest common divisor of 31916 and 10112.
316
Calculate the greatest common divisor of 3328944 and 1338.
1338
What is the highest common factor of 22505 and 70?
35
Calculate the greatest common factor of 209 and 635322.
19
What is the greatest common factor of 95793 and 43150?
863
Calculate the greatest common factor of 223199 and 61.
61
Calculate the highest common factor of 91625 and 6597.
733
Calculate the highest common factor of 2821 and 2253173.
403
Calculate the highest common factor of 189 and 525.
21
What is the greatest common divisor of 1153482 and 198?
66
Calculate the greatest common factor of 1053 and 197145.
117
What is the greatest common divisor of 1864 and 404022?
466
What is the highest common divisor of 1717500 and 10?
10
Calculate the highest common factor of 139 and 31831.
139
Calculate the highest common factor of 708708 and 177.
177
Calculate the greatest common factor of 235 and 33323.
47
Calculate the highest common factor of 28689 and 9052.
73
What is the greatest common factor of 99 and 341?
11
What is the highest common divisor of 27495 and 39975?
195
Calculate the greatest common factor of 4629176 and 8.
8
Calculate the highest common divisor of 180321 and 12.
3
Calculate the greatest common divisor of 13113 and 282.
141
What is the greatest common divisor of 17235910 and 3580?
1790
Calculate the greatest common divisor of 1211 and 175.
7
Calculate the greatest common divisor of 29202 and 185574.
942
Calculate the greatest common divisor of 13 and 2050646.
13
What is the greatest common divisor of 221 and 10842?
13
What is the highest common divisor of 608700 and 25?
25
What is the greatest common divisor of 10070 and 43510?
190
Calculate the highest common divisor of 7908 and 164.
4
Calculate the greatest common factor of 5487028 and 356.
